 prime?
True
Is 183431 a composite number?
True
Is 127423 composite?
False
Is 878653 prime?
False
Is 17521 composite?
True
Is 3493 composite?
True
Is 247409 prime?
True
Is 31483 prime?
False
Is 9327 a prime number?
False
Is 153871 composite?
False
Is 87886 a prime number?
False
Is 27091 composite?
False
Is 47453 composite?
True
Is 8081 composite?
False
Is 502237 prime?
True
Is 103333 prime?
True
Is 57841 composite?
True
Is 6559 prime?
False
Is 2729 composite?
False
Is 64513 a composite number?
False
Is 3389 a prime number?
True
Is 516829 composite?
False
Is 45377 a composite number?
False
Is 17291 a prime number?
True
Is 73277 composite?
False
Is 125017 a prime number?
True
Is 277247 a composite number?
False
Is 8819 composite?
False
Is 11963 a prime number?
False
Is 265193 composite?
False
Is 723893 prime?
True
Is 185917 a composite number?
False
Is 45641 a composite number?
False
Is 76339 prime?
False
Is 1008921 composite?
True
Is 58943 a prime number?
True
Is 50269 a prime number?
False
Is 327679 composite?
True
Is 143281 a prime number?
True
Is 51011 composite?
True
Is 1931 a composite number?
False
Is 18839 a composite number?
False
Is 85773 a composite number?
True
Is 21439 prime?
False
Is 124067 a prime number?
True
Is 1040605 prime?
False
Is 22549 composite?
False
Is 19534 a prime number?
False
Is 16997 composite?
True
Is 600449 prime?
True
Is 3238 prime?
False
Is 28745 a composite number?
True
Is 21718 prime?
False
Is 109807 a prime number?
True
Is 13669 a prime number?
True
Is 2195 a prime number?
False
Is 42843 a prime number?
False
Is 1117 a prime number?
True
Is 26365 composite?
True
Is 48383 a composite number?
False
Is 6547 prime?
True
Is 61163 a composite number?
True
Is 3209 prime?
True
Is 101621 a composite number?
True
Is 1101 composite?
True
Is 3247 prime?
False
Is 3149 a prime number?
False
Is 586405 composite?
True
Is 23234 prime?
False
Is 66707 prime?
False
Is 1004053 prime?
True
Is 137087 composite?
False
Is 2927 prime?
True
Is 29366 a composite number?
True
Is 24329 a composite number?
False
Is 4435 prime?
False
Is 5953 a prime number?
True
Is 40249 a prime number?
False
Is 22915 composite?
True
Is 29177 a prime number?
False
Is 106391 a prime number?
True
Is 33149 composite?
False
Is 3158951 composite?
False
Is 533959 a prime number?
True
Is 5554 composite?
True
Is 22521 prime?
False
Is 283079 composite?
False
Is 108695 prime?
False
Is 359 a composite number?
False
Is 3737 a composite number?
True
Is 59638 a prime number?
False
Is 2417 a prime number?
True
Is 42433 composite?
False
Is 24691 composite?
False
Is 12739 a composite number?
False
Is 8501 a prime number?
True
Is 22051 a prime number?
True
Is 791681 a composite number?
True
Is 267493 composite?
False
Is 1481 a composite number?
False
Is 622589 a prime number?
False
Is 71101 a composite number?
True
Is 2463 a prime number?
False
Is 2569 composite?
True
Is 298021 a prime number?
True
Is 9406315 a composite number?
True
Is 4789 a prime number?
True
Is 807793 composite?
True
Is 17687 a prime number?
False
Is 1005671 a composite number?
True
Is 61031 a prime number?
True
Is 117617 prime?
True
Is 225637 a prime number?
True
Is 5197 a prime number?
True
Is 45533 a composite number?
False
Is 82741 prime?
False
Is 312107 prime?
True
Is 1094407 prime?
True
Is 44221 prime?
True
Is 5147 a composite number?
False
Is 69313 prime?
True
Is 4791 a prime number?
False
Is 670265 composite?
True
Is 42121 a composite number?
True
Is 218903 prime?
False
Is 4177 composite?
False
Is 695 composite?
True
Is 69985 a prime number?
False
Is 713 a prime number?
False
Is 17291 composite?
False
Is 233177 prime?
False
Is 165809 prime?
False
Is 23101 composite?
True
Is 7063 composite?
True
Is 237607 a composite number?
False
Is 2045137 prime?
False
Is 12899 a prime number?
True
Is 22229 composite?
False
Is 4499 a prime number?
False
Is 112619 prime?
False
Is 15227 composite?
False
Is 190286 prime?
False
Is 2095 composite?
True
Is 263537 composite?
False
Is 377 prime?
False
Is 10639 a composite number?
False
Is 4786 a prime number?
False
Is 15103 a composite number?
True
Is 515209 a composite number?
True
Is 80839 a prime number?
False
Is 57203 prime?
True
Is 62182 a composite number?
True
Is 80887 a prime number?
False
Is 4535 a composite number?
True
Is 4321 composite?
True
Is 87293 prime?
True
Is 57467 a prime number?
True
Is 1594641 a composite number?
True
Is 32467 a composite number?
False
Is 610123 composite?
False
Is 2051 prime?
False
Is 78341 a composite number?
False
Is 61781 a composite number?
False
Is 1423 a prime number?
True
Is 181471 a prime number?
False
Is 64777 composite?
True
Is 214451 a composite number?
False
Is 190063 composite?
False
Is 12049 prime?
True
Is 52147 a composite number?
False
Is 7646 composite?
True
Is 579974 prime?
False
Is 919 composite?
False
Is 98081 a prime number?
True
Is 19529 a composite number?
True
Is 6119 a prime number?
False
Is 61331 a composite number?
False
Is 34781 a composite number?
False
Is 168697 prime?
True
Is 865 composite?
True
Is 455707 a prime number?
False
Is 40259 composite?
True
Is 198397 a prime number?
True
Is 13901 composite?
False
Is 863633 prime?
True
Is 2819 a composite number?
False
Is 125071 composite?
True
Is 3370187 prime?
False
Is 47953 composite?
True
Is 45949 a prime number?
True
Is 52282 a prime number?
False
Is 512249 a prime number?
True
Is 1184947 a prime number?
True
Is 916441 a composite number?
False
Is 21733 a composite number?
True
Is 783869 composite?
False
Is 351893 composite?
True
Is 32771 a composite number?
False
Is 828007 a prime number?
True
Is 521 a composite number?
False
Is 108743 prime?
False
Is 22013 composite?
False
Is 506929 prime?
True
Is 12343 prime?
True
Is 940715 a prime number?
False
Is 6 a composite number?
True
Is 65071 a prime number?
True
Is 153907 a prime number?
False
Is 17657 composite?
False
Is 201191 a composite number?
True
Is 14671 composite?
True
Is 1061 a prime number?
True
Is 13595 composite?
True
Is 929719 composite?
True
Is 417323 a prime number?
False
Is 230597 prime?
True
Is 206357 a prime number?
False
Is 66029 a prime number?
True
Is 778287 a composite number?
True
Is 26249 composite?
False
Is 16361 a composite number?
False
Is 11633 a prime number?
True
Is 221603 composite?
False
Is 174197 prime?
True
Is 1657 a prime number?
True
Is 826081 composite?
True
Is 285343 a composite number?
False
Is 108601 a prime number?
False
Is 99689 prime?
True
Is 1251247 prime?
True
Is 113743 prime?
False
Is 74687 a prime number?
True
Is 136103 prime?
False
Is 59277 a prime number?
False
Is 34457 a prime number?
True
Is 391033 a composite number?
True
Is 39929 a prime number?
True
Is 1513 prime?
False
Is 6899 a composite number?
False
Is 992629 a prime number?
False
Is 11213 prime?
True
Is 116149 composite?
True
Is 43621 a composite number?
True
Is 69137 a prime number?
False
Is 134617 a prime number?
False
Is 1087 composite?
False
Is 8887 a composite number?
False
Is 16671 a composite number?
True
Is 4022 prime?
False
Is 16879 a prime number?
True
Is 2819 a composite number?
False
Is 18137 a prime number?
False
Is 134479 prime?
False
Is 20419 prime?
False
Is 82129 prime?
True
Is 57335 prime?
False
Is 189337 a composite number?
False
Is 2290141 prime?
False
Is 415603 composite?
False
Is 420713 prime?
False
Is 8741 a prime number?
True
Is 95701 a composite number?
False
Is 57049 a composite number?
True
Is 33035 a prime number?
False
Is 38659 a prime number?
False
Is 1633279 prime?
False
Is 7121 prime?
True
Is 15959 composite?
False
Is 101657 a composite number?
True
Is 2647 prime?
True
Is 13787 a composite number?
True
Is 103078 a prime number?
False
Is 17463 composite?
True
Is 19223 a composite number?
True
Is 1114423 prime?
True
Is 415627 composite?
False
Is 26889 prime?
False
Is 78643 a prime number?
True
Is 23623 a prime number?
True
Is 29081 prime?
False
Is 5567 prime?
False
Is 9511 composite?
False
Is 7177 composite?
False
Is 20869 a prime number?
False
Is 190699 a prime number?
True
Is 34735 composite?
True
Is 5963 prime?
False
Is 19973 composite?
False
Is 571679 a composite number?
False
Is 2177 prime?
False
Is 136621 a prime number?
True
Is 74713 prime?
True
Is 2059763 a 